{"id":85,"date":"2021-12-20T14:59:37","date_gmt":"2021-12-20T13:59:37","guid":{"rendered":"https:\/\/cgm-alpes.fr\/?page_id=85"},"modified":"2021-12-20T14:49:33","modified_gmt":"2021-12-20T13:49:33","slug":"mentions-legales","status":"publish","type":"page","link":"https:\/\/cgm-alpes.fr\/?page_id=85","title":{"rendered":"Mentions l\u00e9gales"},"content":{"rendered":"\n<p><strong>Le pr\u00e9sent site internet est publi\u00e9 par :<\/strong><br>CGM Alpes<br>142 Route DU FENILLON<br>74470-Bellevaux<\/p>\n\n\n\n<p><strong>Directeur de la publication :<\/strong>\u00a0 Christophe GOUNANT &#8211; CGM Alpes <br><strong>Num\u00e9ro de t\u00e9l\u00e9phone :<\/strong>\u00a007.86.45.32.28<\/p>\n\n\n\n<p>Tous droits r\u00e9serv\u00e9s.<br>Images, photos et contenus non contractuels.<br><strong>URL site :&nbsp;<\/strong>cgm-alpes.fr<\/p>\n\n\n\n<hr class=\"wp-block-separator\"\/>\n\n\n\n<h2 class=\"wp-block-heading\"><a href=\"https:\/\/ski-location-hirmentaz.fr\/cgv.html\">Gestion des cookies<\/a><\/h2>\n\n\n\n<h2 class=\"wp-block-heading\"><strong>Utilisation de cookies :<\/strong><\/h2>\n\n\n\n<p>Un cookie est un petit fichier contenant diverses informations textuelles. Il est d\u00e9pos\u00e9 sur votre terminal (ordinateur, tablette, smartphone &#8230;) via votre navigateur, par le site web que vous visitez.<\/p>\n\n\n\n<p><strong>&gt;&gt; Param\u00e9trer votre navigateur :<\/strong><\/p>\n\n\n\n<p>Le param\u00e9trage est susceptible de modifier vos conditions d&rsquo;acc\u00e8s \u00e0 nos services n\u00e9cessitant l&rsquo;utilisation de cookies.<br>Si votre navigateur est configur\u00e9 de mani\u00e8re \u00e0 refuser l&rsquo;ensemble des cookies, vous ne pourrez pas par exemple effectuer d&rsquo;achats ou profiter de fonctions essentielles de notre site. Le param\u00e9trage est sp\u00e9cifique \u00e0 chaque navigateur.<\/p>\n\n\n\n<p><strong>&#8211; Pour Internet Explorer\u2122 :<\/strong><br>Ouvrez le menu \u00abOutils\u00bb, puis s\u00e9lectionnez \u00abOptions internet\u00bb ; cliquez sur l&rsquo;onglet \u00abConfidentialit\u00e9\u00bb puis l&rsquo;onglet \u00abAvanc\u00e9\u00bb choisissez le niveau souhait\u00e9 ou retrouvez ces explications avec le lien suivant :&nbsp;<a href=\"http:\/\/windows.microsoft.com\/fr-FR\/windows-vista\/Block-or-allow-cookies\" target=\"_blank\" rel=\"noreferrer noopener\">https:\/\/windows.microsoft.com<\/a><\/p>\n\n\n\n<p><strong>&#8211; Pour Firefox\u2122 :<\/strong><br>Ouvrez le menu \u00abOutils\u00bb, puis s\u00e9lectionnez \u00abOptions\u00bb ; cliquez sur l&rsquo;onglet \u00abVie priv\u00e9e\u00bb puis choisissez les options souhait\u00e9es ou suivez ce lien :&nbsp;<a href=\"https:\/\/support.mozilla.org\/fr\/kb\/activer-desactiver-cookies-preferences?redirectlocale=fr&amp;redirectslug=Activer+et+d%C3%A9sactiver+les+cookies\" target=\"_blank\" rel=\"noreferrer noopener\">https:\/\/support.mozilla.org<\/a><\/p>\n\n\n\n<p><strong>&#8211; Pour Chrome\u2122 :<\/strong><br>Ouvrez le menu de configuration (logo cl\u00e9 \u00e0 molette), puis s\u00e9lectionnez \u00abOptions\u00bb ; cliquez sur \u00abOptions avanc\u00e9es\u00bb puis dans la section \u00abConfidentialit\u00e9\u00bb, cliquez sur \u00abParam\u00e8tres de contenu\u00bb, et choisissez les options souhait\u00e9es ou retrouvez ces explications avec le lien suivant :&nbsp;<a href=\"https:\/\/support.google.com\/chrome\/answer\/95647?hl=fr&amp;hlrm=en\" target=\"_blank\" rel=\"noreferrer noopener\">https:\/\/support.google.com<\/a><\/p>\n\n\n\n<p><strong>&#8211; Pour Safari\u2122 :<\/strong><br>Choisissez \u00ab Safari &gt; Pr\u00e9f\u00e9rences\u00bb puis cliquez sur \u00abS\u00e9curit\u00e9\u00bb ; Dans la section \u00abAccepter les cookies\u00bb choisissez les options souhait\u00e9es ou retrouvez ces explications avec le lien suivant :&nbsp;<a href=\"https:\/\/support.apple.com\/kb\/PH21411?viewlocale=en_US&amp;locale=en_US\" target=\"_blank\" rel=\"noreferrer noopener\">https:\/\/docs.info.apple.com<\/a><\/p>\n\n\n\n<hr class=\"wp-block-separator\"\/>\n","protected":false},"excerpt":{"rendered":"<p>Le pr\u00e9sent site internet est publi\u00e9 par :CGM Alpes142 Route DU FENILLON74470-Bellevaux Directeur de la publication :\u00a0 Christophe GOUNANT &#8211; CGM Alpes Num\u00e9ro de t\u00e9l\u00e9phone :\u00a007.86.45.32.28 Tous droits r\u00e9serv\u00e9s.Images, photos et contenus non contractuels.URL site :&nbsp;cgm-alpes.fr Gestion des cookies Utilisation de cookies : Un cookie est un petit fichier contenant diverses informations textuelles. Il est&#8230;<\/p>\n","protected":false},"author":1,"featured_media":0,"parent":0,"menu_order":0,"comment_status":"closed","ping_status":"closed","template":"","meta":{"_kad_post_transparent":"","_kad_post_title":"","_kad_post_layout":"","_kad_post_sidebar_id":"","_kad_post_content_style":"","_kad_post_vertical_padding":"","_kad_post_feature":"","_kad_post_feature_position":"","_kad_post_header":false,"_kad_post_footer":false,"footnotes":""},"class_list":["post-85","page","type-page","status-publish","hentry"],"aioseo_notices":[],"_links":{"self":[{"href":"https:\/\/cgm-alpes.fr\/index.php?rest_route=\/wp\/v2\/pages\/85","targetHints":{"allow":["GET"]}}],"collection":[{"href":"https:\/\/cgm-alpes.fr\/index.php?rest_route=\/wp\/v2\/pages"}],"about":[{"href":"https:\/\/cgm-alpes.fr\/index.php?rest_route=\/wp\/v2\/types\/page"}],"author":[{"embeddable":true,"href":"https:\/\/cgm-alpes.fr\/index.php?rest_route=\/wp\/v2\/users\/1"}],"replies":[{"embeddable":true,"href":"https:\/\/cgm-alpes.fr\/index.php?rest_route=%2Fwp%2Fv2%2Fcomments&post=85"}],"version-history":[{"count":3,"href":"https:\/\/cgm-alpes.fr\/index.php?rest_route=\/wp\/v2\/pages\/85\/revisions"}],"predecessor-version":[{"id":189,"href":"https:\/\/cgm-alpes.fr\/index.php?rest_route=\/wp\/v2\/pages\/85\/revisions\/189"}],"wp:attachment":[{"href":"https:\/\/cgm-alpes.fr\/index.php?rest_route=%2Fwp%2Fv2%2Fmedia&parent=85"}],"curies":[{"name":"wp","href":"https:\/\/api.w.org\/{rel}","templated":true}]}}