{"id":11,"date":"2021-12-20T14:55:56","date_gmt":"2021-12-20T13:55:56","guid":{"rendered":"https:\/\/cgm-alpes.fr\/?page_id=11"},"modified":"2024-09-10T10:21:20","modified_gmt":"2024-09-10T08:21:20","slug":"accueil","status":"publish","type":"page","link":"https:\/\/cgm-alpes.fr\/","title":{"rendered":"Accueil"},"content":{"rendered":"\n<h2 class=\"wp-block-heading has-text-align-center has-theme-palette-8-color has-theme-palette-1-background-color has-text-color has-background\" style=\"line-height:1.4\">CGM Alpes, entreprise artisanale d&rsquo;\u00e9lectricit\u00e9 g\u00e9n\u00e9rale, de pose de panneaux solaires et de maintenance industrielle bas\u00e9e dans le Chablais.<\/h2>\n\n\n\n<div class=\"wp-block-columns is-layout-flex wp-container-core-columns-is-layout-9d6595d7 wp-block-columns-is-layout-flex\">\n<div class=\"wp-block-column is-layout-flow wp-block-column-is-layout-flow\">\n<div class=\"wp-block-cover is-light has-parallax\" style=\"min-height:358px;aspect-ratio:unset;\"><span aria-hidden=\"true\" class=\"wp-block-cover__background has-background-dim\" style=\"background-color:#8592a5\"><\/span><div class=\"wp-block-cover__image-background wp-image-192 has-parallax\" style=\"background-position:50% 50%;background-image:url(https:\/\/cgm-alpes.fr\/wp-content\/uploads\/2024\/04\/solar-5069790_1280.jpg)\"><\/div><div class=\"wp-block-cover__inner-container is-layout-flow wp-block-cover-is-layout-flow\">\n<p class=\"has-theme-palette-9-color has-text-color has-link-color has-large-font-size wp-elements-89766bbe317a6d1e15d3a165c0fc8045\" style=\"line-height:1.2\">Panneaux solaires<\/p>\n\n\n\n<p class=\"has-theme-palette-9-color has-text-color has-link-color has-medium-font-size wp-elements-34552e8119510c64f3e78478a7f12fc6\" style=\"line-height:1.2\">Installation sur construction neuve ou en r\u00e9novation<\/p>\n\n\n\n<p class=\"has-theme-palette-9-color has-text-color has-link-color has-medium-font-size wp-elements-bc8e84f8eb29aae688981d711837b543\" style=\"line-height:1.2\">Mono ou triphas\u00e9<\/p>\n\n\n\n<p class=\"has-theme-palette-9-color has-text-color has-link-color has-medium-font-size wp-elements-ab5e8f3c07bbe5f5b286d81dab96859f\" style=\"line-height:1.2\">Eligible aux aides de l&rsquo;Etat<\/p>\n\n\n\n<div class=\"wp-block-buttons is-layout-flex wp-block-buttons-is-layout-flex\">\n<div class=\"wp-block-button\"><a class=\"wp-block-button__link wp-element-button\" href=\"https:\/\/cgm-alpes.fr\/?page_id=198\">En savoir plus<\/a><\/div>\n<\/div>\n<\/div><\/div>\n\n\n\n<div class=\"wp-block-cover has-parallax is-light\" style=\"min-height:321px;aspect-ratio:unset;\"><span aria-hidden=\"true\" class=\"wp-block-cover__background has-background-dim\"><\/span><div class=\"wp-block-cover__image-background wp-image-177 has-parallax\" style=\"background-position:50% 50%;background-image:url(http:\/\/cgm-alpes.fr\/wp-content\/uploads\/2021\/12\/light-4297386_1920.jpg)\"><\/div><div class=\"wp-block-cover__inner-container is-layout-flow wp-block-cover-is-layout-flow\">\n<p class=\"has-theme-palette-9-color has-text-color has-link-color has-large-font-size wp-elements-47c1541fcd21f87d2aacd78e98d12fef\" style=\"line-height:1.2\">Electricit\u00e9 g\u00e9n\u00e9rale<\/p>\n\n\n\n<p class=\"has-theme-palette-9-color has-text-color has-link-color has-medium-font-size wp-elements-92e71411dad963261b4fed37614d124f\" style=\"line-height:1.2\">Particuliers, professionnels, collectivit\u00e9s<\/p>\n\n\n\n<p class=\"has-theme-palette-9-color has-text-color has-link-color has-medium-font-size wp-elements-db58bdaa46ac03839c684b3d91b5d58f\" style=\"line-height:1.2\">Construction neuve et r\u00e9novation<\/p>\n\n\n\n<p class=\"has-theme-palette-9-color has-text-color has-link-color has-medium-font-size wp-elements-03335a59ff51694c7b16d2f7f1d6e515\" style=\"line-height:1.2\">D\u00e9pannage<\/p>\n\n\n\n<div class=\"wp-block-buttons is-layout-flex wp-block-buttons-is-layout-flex\">\n<div class=\"wp-block-button\"><a class=\"wp-block-button__link wp-element-button\" href=\"https:\/\/cgm-alpes.fr\/?page_id=2\">En savoir plus<\/a><\/div>\n<\/div>\n<\/div><\/div>\n\n\n\n<div class=\"wp-block-cover has-parallax is-light\" style=\"min-height:376px;aspect-ratio:unset;\"><span aria-hidden=\"true\" class=\"wp-block-cover__background has-background-dim\"><\/span><div class=\"wp-block-cover__image-background wp-image-52 has-parallax\" style=\"background-position:50% 50%;background-image:url(https:\/\/cgm-alpes.fr\/wp-content\/uploads\/2021\/12\/steam-220000_1280.jpg)\"><\/div><div class=\"wp-block-cover__inner-container is-layout-flow wp-block-cover-is-layout-flow\">\n<p class=\"has-theme-palette-9-color has-text-color has-link-color has-large-font-size wp-elements-72155c4a6dd782d397e5cdb35050d3ba\" style=\"line-height:1\">Maintenance industrielle<\/p>\n\n\n\n<p class=\"has-theme-palette-9-color has-text-color has-link-color has-medium-font-size wp-elements-5cd3906f51b3ebf4106dd84b3daa73bc\" style=\"line-height:1\">Electrique<\/p>\n\n\n\n<p class=\"has-theme-palette-9-color has-text-color has-link-color has-medium-font-size wp-elements-77f1ee2bc375cd38c9179b4a96915376\" style=\"line-height:1\">M\u00e9canique<\/p>\n\n\n\n<p class=\"has-theme-palette-9-color has-text-color has-link-color has-medium-font-size wp-elements-6b379b3181e24501adc5675e4b3d011a\" style=\"line-height:1\">Hydraulique<\/p>\n\n\n\n<div class=\"wp-block-buttons is-layout-flex wp-block-buttons-is-layout-flex\">\n<div class=\"wp-block-button is-style-fill\"><a class=\"wp-block-button__link wp-element-button\" href=\"https:\/\/cgm-alpes.fr\/?page_id=78\">En savoir plus<\/a><\/div>\n<\/div>\n<\/div><\/div>\n<\/div>\n\n\n\n<div class=\"wp-block-column is-layout-flow wp-block-column-is-layout-flow\">\n<figure class=\"wp-block-video\"><video height=\"478\" style=\"aspect-ratio: 848 \/ 478;\" width=\"848\" controls poster=\"http:\/\/cgm-alpes.fr\/wp-content\/uploads\/2024\/04\/solar-5069790_1280.jpg\" preload=\"auto\" src=\"http:\/\/cgm-alpes.fr\/wp-content\/uploads\/2024\/09\/Video_CGMAlpes.mp4\"><\/video><\/figure>\n<\/div>\n<\/div>\n\n\n\n<p><\/p>\n","protected":false},"excerpt":{"rendered":"<p>CGM Alpes, entreprise artisanale d&rsquo;\u00e9lectricit\u00e9 g\u00e9n\u00e9rale, de pose de panneaux solaires et de maintenance industrielle bas\u00e9e dans le Chablais.<\/p>\n","protected":false},"author":1,"featured_media":0,"parent":0,"menu_order":1,"comment_status":"closed","ping_status":"closed","template":"","meta":{"_kad_post_transparent":"","_kad_post_title":"","_kad_post_layout":"","_kad_post_sidebar_id":"","_kad_post_content_style":"","_kad_post_vertical_padding":"","_kad_post_feature":"","_kad_post_feature_position":"","_kad_post_header":false,"_kad_post_footer":false,"footnotes":""},"class_list":["post-11","page","type-page","status-publish","hentry"],"aioseo_notices":[],"_links":{"self":[{"href":"https:\/\/cgm-alpes.fr\/index.php?rest_route=\/wp\/v2\/pages\/11","targetHints":{"allow":["GET"]}}],"collection":[{"href":"https:\/\/cgm-alpes.fr\/index.php?rest_route=\/wp\/v2\/pages"}],"about":[{"href":"https:\/\/cgm-alpes.fr\/index.php?rest_route=\/wp\/v2\/types\/page"}],"author":[{"embeddable":true,"href":"https:\/\/cgm-alpes.fr\/index.php?rest_route=\/wp\/v2\/users\/1"}],"replies":[{"embeddable":true,"href":"https:\/\/cgm-alpes.fr\/index.php?rest_route=%2Fwp%2Fv2%2Fcomments&post=11"}],"version-history":[{"count":27,"href":"https:\/\/cgm-alpes.fr\/index.php?rest_route=\/wp\/v2\/pages\/11\/revisions"}],"predecessor-version":[{"id":229,"href":"https:\/\/cgm-alpes.fr\/index.php?rest_route=\/wp\/v2\/pages\/11\/revisions\/229"}],"wp:attachment":[{"href":"https:\/\/cgm-alpes.fr\/index.php?rest_route=%2Fwp%2Fv2%2Fmedia&parent=11"}],"curies":[{"name":"wp","href":"https:\/\/api.w.org\/{rel}","templated":true}]}}